{"id":210,"date":"2020-04-13T09:38:47","date_gmt":"2020-04-13T07:38:47","guid":{"rendered":"http:\/\/localhost\/wordpress\/?page_id=210"},"modified":"2025-09-14T18:57:55","modified_gmt":"2025-09-14T16:57:55","slug":"ind-og-udmeldelse","status":"publish","type":"page","link":"https:\/\/lfskak.dk\/lfskakbeta\/om-os\/ind-og-udmeldelse\/","title":{"rendered":"Ind- og udmeldelse"},"content":{"rendered":"<p><b><span style=\"font-size: large;\">Indmeldelse:<\/span><\/b><\/p>\n<p>Indmeldelse kan ske ved henvendelse til <a href=\"mailto:fong_t_vo@hotmail.com\">kassereren<\/a>.<br \/>\nUnder <a href=\"http:\/\/lfskak.dk\/kontingent\/\">kontingent<\/a> kan du se, hvad<br \/>\ndet koster at v\u00e6re medlem, og hvilke fordele du f\u00e5r i L\u00e6seforeningen!<\/p>\n<p><b><span style=\"font-size: large;\">Udmeldelse:<\/span><\/b><\/p>\n<p>Udmeldelse skal ske med en m\u00e5neds varsel inden et kvartals udl\u00f8b, dvs. senest den 1. marts, 1. juni, 1. september eller 1. december. Ved udmeldelse efter disse terminer skal kontingentet for det f\u00f8lgende kvartal betales.<\/p>\n<p>S\u00e5fremt der er betalt kontingent for l\u00f8bende halv\u00e5r, refunderes kontingentet for et kvartal, hvis udmeldelse sker senest 1. juni eller 1.december.<\/p>\n<p>Udmeldelse kan ske ved henvendelse til <a href=\"mailto:fong_t_vo@hotmail.com\">kassereren<\/a><\/p>\n<p>&nbsp;<\/p>\n","protected":false},"excerpt":{"rendered":"<p>Indmeldelse: Indmeldelse kan ske ved henvendelse til kassereren. Under kontingent kan du se, hvad det koster at v\u00e6re medlem, og hvilke fordele du f\u00e5r i L\u00e6seforeningen! Udmeldelse: Udmeldelse skal ske med en m\u00e5neds varsel inden et kvartals udl\u00f8b, dvs. senest den 1. marts, 1. juni, 1. september eller 1. december. Ved udmeldelse efter disse terminer [&hellip;]<\/p>\n","protected":false},"author":1,"featured_media":0,"parent":63,"menu_order":0,"comment_status":"closed","ping_status":"closed","template":"","meta":{"_mc_calendar":[],"footnotes":""},"class_list":["post-210","page","type-page","status-publish","hentry"],"_links":{"self":[{"href":"https:\/\/lfskak.dk\/lfskakbeta\/wp-json\/wp\/v2\/pages\/210","targetHints":{"allow":["GET"]}}],"collection":[{"href":"https:\/\/lfskak.dk\/lfskakbeta\/wp-json\/wp\/v2\/pages"}],"about":[{"href":"https:\/\/lfskak.dk\/lfskakbeta\/wp-json\/wp\/v2\/types\/page"}],"author":[{"embeddable":true,"href":"https:\/\/lfskak.dk\/lfskakbeta\/wp-json\/wp\/v2\/users\/1"}],"replies":[{"embeddable":true,"href":"https:\/\/lfskak.dk\/lfskakbeta\/wp-json\/wp\/v2\/comments?post=210"}],"version-history":[{"count":4,"href":"https:\/\/lfskak.dk\/lfskakbeta\/wp-json\/wp\/v2\/pages\/210\/revisions"}],"predecessor-version":[{"id":1886,"href":"https:\/\/lfskak.dk\/lfskakbeta\/wp-json\/wp\/v2\/pages\/210\/revisions\/1886"}],"up":[{"embeddable":true,"href":"https:\/\/lfskak.dk\/lfskakbeta\/wp-json\/wp\/v2\/pages\/63"}],"wp:attachment":[{"href":"https:\/\/lfskak.dk\/lfskakbeta\/wp-json\/wp\/v2\/media?parent=210"}],"curies":[{"name":"wp","href":"https:\/\/api.w.org\/{rel}","templated":true}]}}